{"id":767,"date":"2024-07-19T12:23:36","date_gmt":"2024-07-19T12:23:36","guid":{"rendered":"https:\/\/mirkr.de\/projekte\/?page_id=767"},"modified":"2024-12-17T12:11:49","modified_gmt":"2024-12-17T12:11:49","slug":"uber-mich","status":"publish","type":"page","link":"https:\/\/mirkr.de\/projekte\/uber-mich\/","title":{"rendered":"\u00dcber mich"},"content":{"rendered":"\n\n\t\t\t\t<img loading=\"lazy\" decoding=\"async\" src=\"https:\/\/mirkr.de\/projekte\/wp-content\/uploads\/2024\/07\/miriamkreherportrat.png\" alt=\"miriamkreherportrat\" itemprop=\"image\" height=\"501\" width=\"501\" title=\"miriamkreherportrat\" onerror=\"this.style.display='none'\"  \/>\n\t<h3>Miriam Kreher<\/h3>\n\t<h2>Ein <strong>Multitalent<\/strong> mit Leidenschaft f\u00fcr unkonventionelle Ideen \u263a\ufe0f<\/h2>\n\tIch habe meine Karriere als Grafikdesigner begonnen.<br \/>\nMit dem Verst\u00e4ndnis f\u00fcr visuelle Prinzipien kommuniziere auf eine Art und Weise, mit der man sich verbunden f\u00fchlt und die deine Zielgruppe versteht.\n\t\t\t<a href=\"#weg\" target=\"_self\">\n\t\t\t\t\t\t\tMein Weg bis hier hin\n\t\t\t\t\t<\/a>\n\t\t\t\t<img loading=\"lazy\" decoding=\"async\" src=\"https:\/\/mirkr.de\/projekte\/wp-content\/uploads\/2024\/07\/hochschulemittweida.png\" alt=\"hochschulemittweida\" itemprop=\"image\" height=\"276\" width=\"276\" title=\"hochschulemittweida\" onerror=\"this.style.display='none'\"  \/>\n\t<strong>Bachelor of Science-<\/strong><br \/>\nMedieninformatik und Interaktives Entertainment\n\t\t\t\t<img loading=\"lazy\" decoding=\"async\" src=\"https:\/\/mirkr.de\/projekte\/wp-content\/uploads\/2024\/07\/ferienhausagentur-1.png\" alt=\"ferienhausagentur\" itemprop=\"image\" height=\"219\" width=\"219\" title=\"ferienhausagentur\" onerror=\"this.style.display='none'\"  \/>\n\t<h3><strong>5 Jahre<\/strong><\/h3>\n<p>Erfahrung im Marketing<\/p>\n\t\t\t\t<img loading=\"lazy\" decoding=\"async\" src=\"https:\/\/mirkr.de\/projekte\/wp-content\/uploads\/2024\/11\/logo_right-svg-1.png\" alt=\"novasol logo\" itemprop=\"image\" height=\"395\" width=\"1437\" title=\"novasol logo\" onerror=\"this.style.display='none'\"  \/>\n\t<h3><strong>4+ Monate<\/strong><\/h3>\n<p>UX Designer \/ Marketing Manager<\/p>\n\t\t\t\t<img loading=\"lazy\" decoding=\"async\" src=\"https:\/\/mirkr.de\/projekte\/wp-content\/uploads\/2024\/07\/omr.png\" alt=\"omr\" itemprop=\"image\" height=\"449\" width=\"602\" title=\"omr\" onerror=\"this.style.display='none'\"  \/>\n\t<p><strong>TikTok Masterclass<\/strong><\/p>\n\t<h3>Meine Skills<\/h3>\n\t\t\t\t<img loading=\"lazy\" decoding=\"async\" src=\"https:\/\/mirkr.de\/projekte\/wp-content\/uploads\/2024\/07\/adobecreativecloud.png\" alt=\"adobecreativecloud\" itemprop=\"image\" height=\"77\" width=\"77\" title=\"adobecreativecloud\" onerror=\"this.style.display='none'\"  \/>\n\t<p><strong>Adobe Creative Cloud<\/strong> &#8211; fast alle \ud83d\ude09<\/p>\n\t\t\t\t<img loading=\"lazy\" decoding=\"async\" src=\"https:\/\/mirkr.de\/projekte\/wp-content\/uploads\/2024\/07\/googleads.png\" alt=\"googleads\" itemprop=\"image\" height=\"77\" width=\"77\" title=\"googleads\" onerror=\"this.style.display='none'\"  \/>\n\t<p><strong>SEO\/SEA<\/strong> &#8211; Google Ads, Google Console, Google Analytics<\/p>\n\t\t\t\t<img loading=\"lazy\" decoding=\"async\" src=\"https:\/\/mirkr.de\/projekte\/wp-content\/uploads\/2024\/11\/icon-figma.png\" alt=\"icon figma\" itemprop=\"image\" height=\"77\" width=\"77\" title=\"icon figma\" onerror=\"this.style.display='none'\"  \/>\n\t<p><strong>UX Design<\/strong> &#8211; Figma<\/p>\n\t\t\t\t<img loading=\"lazy\" decoding=\"async\" src=\"https:\/\/mirkr.de\/projekte\/wp-content\/uploads\/2024\/07\/meta.png\" alt=\"meta\" itemprop=\"image\" height=\"77\" width=\"77\" title=\"meta\" onerror=\"this.style.display='none'\"  \/>\n\t<p><strong>Meta Business Suite<\/strong> &#8211; Werbeanzeigenmanager, Planer, Analytics<\/p>\n\t\t\t\t<img loading=\"lazy\" decoding=\"async\" src=\"https:\/\/mirkr.de\/projekte\/wp-content\/uploads\/2024\/07\/webdevelopement.png\" alt=\"webdevelopement\" itemprop=\"image\" height=\"77\" width=\"77\" title=\"webdevelopement\" onerror=\"this.style.display='none'\"  \/>\n\t<p><strong>Web Entwicklung<\/strong> &#8211; HTML, CSS, Javascript, PHP<\/p>\n\t\t\t\t<img loading=\"lazy\" decoding=\"async\" src=\"https:\/\/mirkr.de\/projekte\/wp-content\/uploads\/2024\/07\/photography.png\" alt=\"photography\" itemprop=\"image\" height=\"77\" width=\"77\" title=\"photography\" onerror=\"this.style.display='none'\"  \/>\n\t<p><strong>Video und Fotoshooting<\/strong> &#8211; Social Media, Website, Immobilien<\/p>\n\t<h1>Was andere \u00fcber die <strong>Arbeit mit mir<\/strong> sagen<\/h1>\n\t<h3>Kim\u00a0 I HR<\/h3>\n\t<h3>Miri ist unglaublich kreativ, erkennt schnell, wie Ideen umgesetzt werden k\u00f6nnen und motiviert ihr Umfeld mit ihrer guten Laune und Offenheit. Mit Miri zusammen zu arbeiten ist f\u00fcr jeden im Team eine Bereicherung.<\/h3>\n\t<h3>Tabea I G\u00e4stebetreuung<\/h3>\n\t<h3>Miriam ist wahnsinnig kreativ und kennt f\u00fcr jede Herausforderung eine L\u00f6sung.<br \/>\nIch sch\u00e4tze besonders ihre schnelle und detailverliebte Umsetzung bei neuen Projekten und dass sie stets motiviert und positiv an Dinge herangeht! Die Zusammenarbeit bringt durch ihre aufgeschlossene Art sehr viel Freude.<\/h3>\n\t\t\t\t<img loading=\"lazy\" decoding=\"async\" src=\"https:\/\/mirkr.de\/projekte\/wp-content\/uploads\/2024\/07\/sparkle.gif\" alt=\"sparkle\" itemprop=\"image\" height=\"400\" width=\"400\" title=\"sparkle\" onerror=\"this.style.display='none'\"  \/>\n\t<h2>Wie ich mich <strong>entwickelt<\/strong> habe und was mich <strong>fasziniert<\/strong><\/h2>\n\t<h1><strong>2014<\/strong><\/h1>\n<h2>Kreative<\/h2>\n<h2>Anf\u00e4nge<\/h2>\n\tMeine Schulhefte waren einzigartig:<br \/>\n50% Unterrichtsstoff und 50% <strong>Zeichnungen<\/strong>.\nViele waren sich sicher, dass ich sp\u00e4ter &#8220;etwas Kreatives&#8221; machen werde.<br \/>\nIch kann mich noch erinnern, wie in der Zeit meinen <strong>ersten Flyer und meine erste Website<\/strong> entworfen und unglaublich viel Spa\u00df damit hatte. \ud83d\ude0d\n\t\t\t\t<img loading=\"lazy\" decoding=\"async\" src=\"https:\/\/mirkr.de\/projekte\/wp-content\/uploads\/2024\/07\/irgendwas-kreatives.jpg\" alt=\"irgendwas kreatives\" itemprop=\"image\" height=\"1508\" width=\"1436\" title=\"irgendwas kreatives\" onerror=\"this.style.display='none'\"  \/>\n\t\t\t\t<img loading=\"lazy\" decoding=\"async\" src=\"https:\/\/mirkr.de\/projekte\/wp-content\/uploads\/2024\/07\/medieninformatik.png\" alt=\"medieninformatik\" itemprop=\"image\" height=\"450\" width=\"600\" title=\"medieninformatik\" onerror=\"this.style.display='none'\"  \/>\n\t<h1><strong>2016<\/strong><\/h1>\n<h2>Medien &amp;<br \/>\nInformatik<\/h2>\n\tKennst du das, wenn du an deinem Handy oder PC f\u00fcr einen Moment abtauchst und <strong>wie in einer anderen Welt bist<\/strong>?<br \/>\nMich hat dieses Ph\u00e4nomen fasziniert.<br \/>\nIch wollte wissen, <strong>wie ich selbst solche Erlebnisse erschaffen kann<\/strong>. Durch mein Studium hatte ich nun Techniken und Theorien von interaktiven Medien im Handgep\u00e4ck. \ud83e\uddf3\n\t<h1><strong>2020<\/strong><\/h1>\n<h2>Web- und<\/h2>\n<h2>Grafikdesign<\/h2>\n\t<p>Die Arbeit als Grafik- und Webdesignerin in einer Werbeagentur stellte mich vor neue Herausforderungen. Besonders liebte ich Projekte mit Organisationen, die sich gesellschaftlich oder kulturell engagierten f\u00fcr einen guten Zweck. <strong>Nichts ist mir wichtiger, als den Sinn hinter meiner Arbeit zu sehen.<\/strong><\/p>\n\t\t\t\t<img loading=\"lazy\" decoding=\"async\" src=\"https:\/\/mirkr.de\/projekte\/wp-content\/uploads\/2024\/07\/WhatsApp-Image-2024-06-22-at-12.25.24-PM-1.jpeg\" alt=\"WhatsApp Image 2024-06-22 at 12.25.24 PM (1)\" itemprop=\"image\" height=\"1600\" width=\"914\" title=\"WhatsApp Image 2024-06-22 at 12.25.24 PM (1)\" onerror=\"this.style.display='none'\"  \/>\n\t<meta itemprop=\"url\" content=\"https:\/\/mirkr.de\/projekte\/wp-content\/uploads\/2024\/07\/socialmediacut.mp4\" \/><div style=\"width: 640px;\" class=\"wp-video\"><video class=\"wp-video-shortcode\" id=\"video-767-1\" width=\"640\" height=\"360\" loop autoplay preload=\"metadata\" controls=\"controls\"><source type=\"video\/mp4\" src=\"https:\/\/mirkr.de\/projekte\/wp-content\/uploads\/2024\/07\/socialmediacut.mp4?_=1\" \/><a href=\"https:\/\/mirkr.de\/projekte\/wp-content\/uploads\/2024\/07\/socialmediacut.mp4\">https:\/\/mirkr.de\/projekte\/wp-content\/uploads\/2024\/07\/socialmediacut.mp4<\/a><\/video><\/div>\n\t<h1><strong>2021<\/strong><\/h1>\n<h2>Marketing, Content Creation und UX<\/h2>\n\t<p>Ich entdeckte als Marketing Managerin meine Leidenschaft auf verschiedensten Gebieten und \u00fcberraschte mich regelm\u00e4\u00dfig selbst. Wer h\u00e4tte gedacht, dass ich genauso <strong>gern analysiere<\/strong> wie gestalte? Oder&#8230;Wer h\u00e4tte gedacht, dass ich auch mal <strong>vor statt hinter der Kamera<\/strong> bin?<\/p>\n\t<h2>Ich bin gespannt, wo mein Weg noch hinf\u00fchrt. Vielleicht gehen wir ihn ja <strong>zusammen<\/strong>? <strong>\u263a\ufe0f<\/strong><\/h2>\n\t\t\t<a href=\"mailto:miriam@mirkr.de\" target=\"_self\">\n\t\t\t\t\t\t\tSchreib mir eine Mail\n\t\t\t\t\t<\/a>\n\n","protected":false},"excerpt":{"rendered":"<p>Miriam Kreher Ein Multitalent mit Leidenschaft f\u00fcr unkonventionelle Ideen \u263a\ufe0f Ich habe meine Karriere als Grafikdesigner begonnen. Mit dem Verst\u00e4ndnis f\u00fcr visuelle Prinzipien kommuniziere auf eine Art und Weise, mit der man sich verbunden f\u00fchlt und die deine Zielgruppe versteht. Mein Weg bis hier hin Bachelor of Science- Medieninformatik und Interaktives Entertainment 5 Jahre Erfahrung&hellip;&nbsp;<a href=\"https:\/\/mirkr.de\/projekte\/uber-mich\/\" class=\"\" rel=\"bookmark\">Read More &raquo;<span class=\"screen-reader-text\">\u00dcber mich<\/span><\/a><\/p>\n","protected":false},"author":1,"featured_media":0,"parent":0,"menu_order":0,"comment_status":"closed","ping_status":"closed","template":"","meta":{"neve_meta_sidebar":"","neve_meta_container":"","neve_meta_enable_content_width":"","neve_meta_content_width":0,"neve_meta_title_alignment":"","neve_meta_author_avatar":"","neve_post_elements_order":"","neve_meta_disable_header":"","neve_meta_disable_footer":"","neve_meta_disable_title":"on","footnotes":""},"class_list":["post-767","page","type-page","status-publish","hentry"],"_links":{"self":[{"href":"https:\/\/mirkr.de\/projekte\/wp-json\/wp\/v2\/pages\/767","targetHints":{"allow":["GET"]}}],"collection":[{"href":"https:\/\/mirkr.de\/projekte\/wp-json\/wp\/v2\/pages"}],"about":[{"href":"https:\/\/mirkr.de\/projekte\/wp-json\/wp\/v2\/types\/page"}],"author":[{"embeddable":true,"href":"https:\/\/mirkr.de\/projekte\/wp-json\/wp\/v2\/users\/1"}],"replies":[{"embeddable":true,"href":"https:\/\/mirkr.de\/projekte\/wp-json\/wp\/v2\/comments?post=767"}],"version-history":[{"count":79,"href":"https:\/\/mirkr.de\/projekte\/wp-json\/wp\/v2\/pages\/767\/revisions"}],"predecessor-version":[{"id":1383,"href":"https:\/\/mirkr.de\/projekte\/wp-json\/wp\/v2\/pages\/767\/revisions\/1383"}],"wp:attachment":[{"href":"https:\/\/mirkr.de\/projekte\/wp-json\/wp\/v2\/media?parent=767"}],"curies":[{"name":"wp","href":"https:\/\/api.w.org\/{rel}","templated":true}]}}