{"id":1127,"date":"2024-08-06T11:41:32","date_gmt":"2024-08-06T11:41:32","guid":{"rendered":"https:\/\/mirkr.de\/projekte\/?page_id=1127"},"modified":"2024-11-18T19:08:24","modified_gmt":"2024-11-18T19:08:24","slug":"website-redesign","status":"publish","type":"page","link":"https:\/\/mirkr.de\/projekte\/website-redesign\/","title":{"rendered":"Website Redesign"},"content":{"rendered":"\n\n\tBei: Die FERIENHAUS-AGENTUR (2022-2024)<br \/>\nZu der Zeit Agentur im OstseeResort Olpenitz mit \u00fcber 450 Immobilien in der Vermietung.\n\t<h2>Ich transformierte das Website-Erlebnis, sodass die Nutzer eher eine <strong>Buchung t\u00e4tigen wollen<\/strong> und <strong>einfacher abschlie\u00dfen<\/strong>.<\/h2>\n\t<h2>Das zeigte mir die Datenanalyse&#8230;<\/h2>\n\t<h2>1. Die <strong>Homepage<\/strong> und <strong>Navigation<\/strong> m\u00fcssen optimiert werden.<\/h2>\n\t<h3>Die Resultate<\/h3>\n\t<h3>Eine Homepage,<strong> die Urlaubsgef\u00fchle erzeugt und gleichzeitig den Weg zur Buchung verk\u00fcrzt<\/strong>. Die Platzierung und Anordnung der Inhalte wurde den Zielgruppen ausgerichtet.<\/h3>\n\t<p>Homepage: vorher<\/p>\n\t<iframe loading=\"lazy\" width=\"400\" height=\"400\" src=\"https:\/\/www.youtube.com\/embed\/vLNgWsE9vQw?autoplay=1&#038;controls=0&#038;modestbranding=1&#038;loop=1&#038;rel=0&#038;iv_load_policy=3&#038;playsinline=1&#038;fs=0&#038;mute=1&#038;&#038;list=PLZbESp4o8Rt8PAFyRL6PHVdLcQN42tsdy\" title=\"echte Aufnahmen\" frameborder=\"0\" allow=\"accelerometer; autoplay; clipboard-write; encrypted-media; gyroscope; picture-in-picture; web-share\" referrerpolicy=\"strict-origin-when-cross-origin\" allowfullscreen><\/iframe>\n\t<p>Homepage: nachher<\/p>\n\t<iframe loading=\"lazy\" width=\"400\" height=\"400\" src=\"https:\/\/www.youtube.com\/embed\/ywZQUH38ato?autoplay=1&#038;controls=0&#038;modestbranding=1&#038;loop=1&#038;rel=0&#038;iv_load_policy=3&#038;playsinline=1&#038;fs=0&#038;mute=1&#038;&#038;list=PLZbESp4o8Rt_5ECGu7USyeXaCQzAoamh_\" title=\"echte Aufnahmen\" frameborder=\"0\" allow=\"accelerometer; autoplay; clipboard-write; encrypted-media; gyroscope; picture-in-picture; web-share\" referrerpolicy=\"strict-origin-when-cross-origin\" allowfullscreen><\/iframe>\n\t<h3>Absprungrate<\/h3>\n<p>(Homepage, Vergleich Mai 2022-Mai 2024)<\/p>\n\t\t\t\t<img loading=\"lazy\" decoding=\"async\" src=\"https:\/\/mirkr.de\/projekte\/wp-content\/uploads\/2024\/08\/absprungrate-homepage-1.gif\" alt=\"absprungrate homepage\" itemprop=\"image\" height=\"472\" width=\"600\" title=\"absprungrate homepage\" onerror=\"this.style.display='none'\"  \/>\n\t<h3>Interaktionsrate<\/h3>\n<p>(Allgemein, Vergleich Mai 2022-Mai 2024)<\/p>\n\t\t\t\t<img loading=\"lazy\" decoding=\"async\" src=\"https:\/\/mirkr.de\/projekte\/wp-content\/uploads\/2024\/08\/Interaktionsrate-allgemein1.gif\" alt=\"Interaktionsrate allgemein1\" itemprop=\"image\" height=\"621\" width=\"500\" title=\"Interaktionsrate allgemein1\" onerror=\"this.style.display='none'\"  \/>\n\t\t\t\t<img loading=\"lazy\" decoding=\"async\" src=\"https:\/\/mirkr.de\/projekte\/wp-content\/uploads\/2024\/08\/absprung-nutzer.gif\" alt=\"absprung nutzer\" itemprop=\"image\" height=\"600\" width=\"600\" title=\"absprung nutzer\" onerror=\"this.style.display='none'\"  \/>\n\t<h2>2. Auf dem Weg zur Buchung <strong>springen<\/strong> viele Nutzer <strong>ab<\/strong>.<\/h2>\n\t<p>Suchfunktion: vorher<\/p>\n\t<iframe loading=\"lazy\" width=\"400\" height=\"400\" src=\"https:\/\/www.youtube.com\/embed\/IrlKrl06nXk?autoplay=1&#038;controls=0&#038;modestbranding=1&#038;loop=1&#038;rel=0&#038;iv_load_policy=3&#038;playsinline=1&#038;fs=0&#038;mute=1&#038;&#038;list=PLZbESp4o8Rt-BFwHj6OZABRsY6v93Ufv0\" title=\"echte Aufnahmen\" frameborder=\"0\" allow=\"accelerometer; autoplay; clipboard-write; encrypted-media; gyroscope; picture-in-picture; web-share\" referrerpolicy=\"strict-origin-when-cross-origin\" allowfullscreen><\/iframe>\n\t<p>Suchfunktion: nachher<\/p>\n\t<iframe loading=\"lazy\" width=\"400\" height=\"400\" src=\"https:\/\/www.youtube.com\/embed\/ydIpSQ0y8Ko?autoplay=1&#038;controls=0&#038;modestbranding=1&#038;loop=1&#038;rel=0&#038;iv_load_policy=3&#038;playsinline=1&#038;fs=0&#038;mute=1&#038;&#038;list=PLZbESp4o8Rt9wTcR0i9Q8LUBHna1kMnae\" title=\"echte Aufnahmen\" frameborder=\"0\" allow=\"accelerometer; autoplay; clipboard-write; encrypted-media; gyroscope; picture-in-picture; web-share\" referrerpolicy=\"strict-origin-when-cross-origin\" allowfullscreen><\/iframe>\n\t<h3>Absprungrate<\/h3>\n<p>(Suchfunktion, Vergleich Mai 2022-Mai 2024)<\/p>\n\t\t\t\t<img loading=\"lazy\" decoding=\"async\" src=\"https:\/\/mirkr.de\/projekte\/wp-content\/uploads\/2024\/11\/absprungrate-suche.gif\" alt=\"absprungrate suche\" itemprop=\"image\" height=\"600\" width=\"600\" title=\"absprungrate suche\" onerror=\"this.style.display='none'\"  \/>\n\t<h3>Interaktionsrate<\/h3>\n<p>(Suchfunktion, Vergleich Mai 2022-Mai 2024)<\/p>\n\t\t\t\t<img loading=\"lazy\" decoding=\"async\" src=\"https:\/\/mirkr.de\/projekte\/wp-content\/uploads\/2024\/11\/interaktionsrate-suche.gif\" alt=\"interaktionsrate suche\" itemprop=\"image\" height=\"872\" width=\"578\" title=\"interaktionsrate suche\" onerror=\"this.style.display='none'\"  \/>\n\t\t\t\t<img loading=\"lazy\" decoding=\"async\" src=\"https:\/\/mirkr.de\/projekte\/wp-content\/uploads\/2024\/11\/optimierungen.gif\" alt=\"optimierungen\" itemprop=\"image\" height=\"600\" width=\"600\" title=\"optimierungen\" onerror=\"this.style.display='none'\"  \/>\n\t<h2>3. Einige Seiten haben verstecktes Potenzial die <strong>Conversion-Rate zu erh\u00f6hen<\/strong>.<\/h2>\n\t<p>Haustypen: vorher<\/p>\n\t<iframe loading=\"lazy\" width=\"400\" height=\"400\" src=\"https:\/\/www.youtube.com\/embed\/0mhew_lYtmI?autoplay=1&#038;controls=0&#038;modestbranding=1&#038;loop=1&#038;rel=0&#038;iv_load_policy=3&#038;playsinline=1&#038;fs=0&#038;mute=1&#038;&#038;list=PLZbESp4o8Rt-Zu6zbnrht0vzmqPOAR0Gi\" title=\"echte Aufnahmen\" frameborder=\"0\" allow=\"accelerometer; autoplay; clipboard-write; encrypted-media; gyroscope; picture-in-picture; web-share\" referrerpolicy=\"strict-origin-when-cross-origin\" allowfullscreen><\/iframe>\n\t<p>Haustypen: nachher<\/p>\n\t<iframe loading=\"lazy\" width=\"400\" height=\"400\" src=\"https:\/\/www.youtube.com\/embed\/cSmj4ElFGQo?autoplay=1&#038;controls=0&#038;modestbranding=1&#038;loop=1&#038;rel=0&#038;iv_load_policy=3&#038;playsinline=1&#038;fs=0&#038;mute=1&#038;&#038;list=PLZbESp4o8Rt-7jWc6KvZ0PcvJiuyn-y_D\" title=\"echte Aufnahmen\" frameborder=\"0\" allow=\"accelerometer; autoplay; clipboard-write; encrypted-media; gyroscope; picture-in-picture; web-share\" referrerpolicy=\"strict-origin-when-cross-origin\" allowfullscreen><\/iframe>\n\t<h3>Absprungrate<\/h3>\n<p>(Resort \u00dcbersicht, Vergleich Mai 2022-Mai 2024)<\/p>\n\t\t\t\t<img loading=\"lazy\" decoding=\"async\" src=\"https:\/\/mirkr.de\/projekte\/wp-content\/uploads\/2024\/11\/absprung-haustypen.gif\" alt=\"absprung haustypen\" itemprop=\"image\" height=\"502\" width=\"600\" title=\"absprung haustypen\" onerror=\"this.style.display='none'\"  \/>\n\t\t\t<a href=\"https:\/\/mirkr.de\/projekte\/hrmarketing\/\" target=\"_self\">\n\t\t\t\t\t\t\tweiter zu HR Marketing\n\t\t\t\t\t<\/a>\n\n","protected":false},"excerpt":{"rendered":"<p>Bei: Die FERIENHAUS-AGENTUR (2022-2024) Zu der Zeit Agentur im OstseeResort Olpenitz mit \u00fcber 450 Immobilien in der Vermietung. Ich transformierte das Website-Erlebnis, sodass die Nutzer eher eine Buchung t\u00e4tigen wollen und einfacher abschlie\u00dfen. Das zeigte mir die Datenanalyse&#8230; 1. Die Homepage und Navigation m\u00fcssen optimiert werden. Die Resultate Eine Homepage, die Urlaubsgef\u00fchle erzeugt und gleichzeitig&hellip;&nbsp;<a href=\"https:\/\/mirkr.de\/projekte\/website-redesign\/\" class=\"\" rel=\"bookmark\">Read More &raquo;<span class=\"screen-reader-text\">Website Redesign<\/span><\/a><\/p>\n","protected":false},"author":1,"featured_media":0,"parent":0,"menu_order":0,"comment_status":"closed","ping_status":"closed","template":"","meta":{"neve_meta_sidebar":"","neve_meta_container":"","neve_meta_enable_content_width":"","neve_meta_content_width":0,"neve_meta_title_alignment":"","neve_meta_author_avatar":"","neve_post_elements_order":"","neve_meta_disable_header":"","neve_meta_disable_footer":"","neve_meta_disable_title":"on","footnotes":""},"class_list":["post-1127","page","type-page","status-publish","hentry"],"_links":{"self":[{"href":"https:\/\/mirkr.de\/projekte\/wp-json\/wp\/v2\/pages\/1127","targetHints":{"allow":["GET"]}}],"collection":[{"href":"https:\/\/mirkr.de\/projekte\/wp-json\/wp\/v2\/pages"}],"about":[{"href":"https:\/\/mirkr.de\/projekte\/wp-json\/wp\/v2\/types\/page"}],"author":[{"embeddable":true,"href":"https:\/\/mirkr.de\/projekte\/wp-json\/wp\/v2\/users\/1"}],"replies":[{"embeddable":true,"href":"https:\/\/mirkr.de\/projekte\/wp-json\/wp\/v2\/comments?post=1127"}],"version-history":[{"count":24,"href":"https:\/\/mirkr.de\/projekte\/wp-json\/wp\/v2\/pages\/1127\/revisions"}],"predecessor-version":[{"id":1379,"href":"https:\/\/mirkr.de\/projekte\/wp-json\/wp\/v2\/pages\/1127\/revisions\/1379"}],"wp:attachment":[{"href":"https:\/\/mirkr.de\/projekte\/wp-json\/wp\/v2\/media?parent=1127"}],"curies":[{"name":"wp","href":"https:\/\/api.w.org\/{rel}","templated":true}]}}